-1?
5
Calculate 6 - (14 + 0 + (-13 - (4 - 15))).
-6
What is the value of (-2 - (6 - -1)) + (-7 - (1 + -2))?
-15
-172 + 166 + (-1 - (0 - (0 + 16)))
9
What is 16 + 0 - (9 - (-7 + (3 - -3)))?
6
Calculate 9 + -10 + -9 + 12.
2
What is -19 - ((26 + -28 - 8) + (1 - -5))?
-15
Calculate -11 - (-3 + -16) - -4 - 4.
8
What is 3 + 14 + -9 - 20?
-12
What is the value of -12 - (-35 + (46 - 28))?
5
Evaluate 19 + (-7 - (-5 + 14 - 10)).
13
What is -4 + (17 + -6 - 6)?
1
What is (6 - 19) + (6 - -7)?
0
Evaluate 2 + (5 - (-5 + 13) - -2 - 5).
-4
19 + -10 + 2 - 11
0
Calculate 8 - (23 - (-5 - -12)).
-8
(-37 - (40 - 46)) + 2
-29
Evaluate -1 + (4 - 0) + -12 + -6 + 16.
1
Evaluate -16 + 6 + 3 + 5.
-2
-10 + 10 + -3 - 9
-12
What is 44 + -50 + -1 + 5 - 17?
-19
Calculate 20 - 4 - 3 - (-5 - -13).
5
(5 - 5 - (17 + -25)) + 5
13
-43 - -56 - (18 + -4 + 2)
-3
What is the value of (-4 - 0) + 21 + (46 - 35)?
28
Calculate -4 + 5 + (3 - -13) + -8 + 3.
12
Calculate 17 + 0 - (14 + -13).
16
What is (-12 - 1) + -34 + 57 - 1?
9
Calculate 5 + -28 + 22 + 6.
5
Evaluate (-4 - (-2 - 8)) + -12 + 4 + 5.
3
What is the value of 1 - (0 + -1 + 3 + (-64 - -59))?
4
Evaluate (11 - -2) + -12 - 6.
-5
What is the value of 1 + 1 - (0 + 1 + 46 + -59)?
14
What is the value of 1 + 11 + (7 - (8 - 4))?
15
What is 23 + -16 - (0 - 0) - (18 + -6)?
-5
What is 638 - 659 - (-25 - -1)?
3
Evaluate 4 - (2 + -16 + -32 + 34 - -6).
10
Calculate (25 - 6) + -33 - (-38 + 1).
23
What is the value of 9 + (2 - 4 - 4)?
3
What is the value of 17 + -7 + 14 + -7 + -8?
9
Calculate 4 + (-1 + 9 - (24 - 17)).
5
16 + -1 + -10 + -5
0
3 + -24 + 6 + 0 + -5
-20
What is -10 + (12 - 7 - 1) + (2 - 1)?
-5
-2 - ((-1 - 8) + 10) - (0 - 7)
4
What is 12 + (-37 - -26 - 25)?
-24
Calculate 11 - -5 - (18 + 0).
-2
Evaluate -15 + ((27 - 4) + -18 - (2 - -1)).
-13
Evaluate (-174 - -160) + -1 + 24.
9
Evaluate -20 - (28 - 13 - 15).
-20
What is (-5 - -4) + (5 - (-11 + 8)) + -15?
-8
Calculate 6 + 32 + -7 + -5.
26
What is the value of 9 - (10 + (-23 - (3 + -11))) - 6?
8
Calculate (-11 - (21 - 72)) + -24.
16
Evaluate -28 - 1 - (-494 + 471).
-6
(7 - 2) + -13 + (-4 - 1) + 23
10
What is 19 + -14 + 1 + -4 + 6?
8
-17 + (-1 - -15) + -7
-10
Evaluate 24 - 3 - (-54 + 48) - 12.
15
Evaluate (-1 - (-26 + 11 + -3 + 8)) + -1.
8
What is (35 - 6 - 11) + (0 - 4) + 2?
16
What is the value of 22 + -5 + -8 - 12?
-3
1 + -1 + -1 + 53 + -42
10
Evaluate -2 - 3 - (73 - 92).
14
What is (16 - 10 - (-5 + 4)) + -8?
-1
What is (30 - 15) + -5 - -1?
11
Calculate (-2 - (-2 + 1)) + (4 + 16 - 7).
12
What is -30 + (20 + -10 - 5)?
-25
7 + (3 - 56 - -12 - -14)
-20
What is 16 + (-16 - -14 - 21)?
-7
Evaluate -17 - 4 - (-12 - -18 - -5 - 4).
-28
(-74 - -83) + -1 + 7 + 10
25
What is the value of -5 - (0 - -5 - 1) - (-96 - -63)?
24
Calculate 42 + -16 + -10 - (10 - 3).
9
Calculate (2372 - 2387) + (-1 - 9 - (-2 + 0)).
-23
8 - (-7 - 2 - (4 - 11 - -8))
18
Evaluate -40 + 51 - ((2 - 2) + 4 + 1).
6
Evaluate 14 - (9 + (-25 - (-2 - 10))).
18
Evaluate (-2 - 8) + (19 - 29 - -28).
8
Evaluate -2 + (-7 - -7) + 3 - -11.
12
Evaluate 18 - 1 - 2 - (13 - (-38 + 54)).
18
Evaluate -6 - (-20 + 18 - (-10 - -2) - 9).
-3
3 - -2 - (-3 - -13) - 0 - 5
-10
(-9 - 45 - -41) + (0 - -9)
-4
Evaluate (-25 + 10 - -4) + (-1 - (0 - -1)).
-13
What is 0 - 3 - (33 + -22 - 27)?
13
What is 22 - (9 + -1 - (2 + -3))?
13
What is the value of -3 + (12 - (8 + -13 + 11) - -11)?
14
What is the value of (38 + -5 - 38) + 9?
4
-3 - (19 + -33 + 14)
-3
What is 7 + 11 + (-8 - -22)?
32
What is the value of (3 - 8) + 3 + -6 - (16 + -7)?
-17
What is -6 + -2 + 5 + -9 + 3 + 1?
-8
What is the value of -23 + 0 + 103 + -90?
-10
Evaluate (-11 - -9 - 3) + -3.
-8
Calculate (-780 - -806) + -1 + -3.
22
What is the value of -27 + 8 + 18 + -10?
-11
What is -24 - (-47 + (-43 - -41))?
25
Evaluate -6 + -1 + -181 + 181.
-7
Evaluate -19 - (1 - 1) - (-1804 - -1799).
-14
Evaluate 3 - (55 - (47 - 7)).
-12
What is 6 + 0 + -6 + 11 - 8?
3
Evaluate -37 - (-10 + 6 + -4 + -1).
-28
What is -3 + (-36 + 40 - 16)?
-15
0 - (17 - (13 - 9))
-13
What is -2 + -57 + 57 + (5 - 1)?
2
What is the value of -6 - 16 - -15 - -3?
-4
What is the value of (-2 - (-5 - 0)) + (-10 - -13) - 20?
-14
What is (3 - -2) + 0 + -4 + 5 + -3?
3
Calculate 7 - 8 - -2 - (17 + -30).
14
What is the value of (0 - (5 - 2)) + (-1 - -2) + 4?
2
-28 - (3 - (3 + 10 + -2))
-20
What is -14 + 22 + -8 + 2?
2
-3 + 6 - ((0 - 0) + (-4 - -17))
-10
What is (-15 - -2) + 0 - -21?
8
What is the value of (8 - (-3 - -3)) + 0 - 31?
-23
Evaluate -39 + (-28 - -10) + 73.
16
What is (18 + -7 - 4) + 8 - (3 - -2)?
10
What is 9 - 6 - (-2 + (-4 - 1))?
10
What is -8 - (29 - (-1 - -21))?
-17
What is the value of (-6 - 0) + 7 + 7 - (-1 + -7)?
16
What is the value of (6 - 33 - (-15 - -3)) + -11?
-26
What is the value of 4 - (0 + -31 - ((-7 - -14) + -15))?
27
Calculate (-18 - 1) + 12 - (0 - -2).
-9
Calculate 20 + 5 - 25 - -4.
4
What is -3 + 1 - (2 - (-6 - -1))?
-9
(7 - -11 - 8) + -1 + 7
16
What is (0 - (14 - 18 - (-10 - -2))) + 25?
21
Evaluate (-2 - -4 - (10 - 2)) + (0 - -8).
2
Calculate 3 - (12 + -13) - 10.
-6
-2 - -9 - (64 + -75)
18
What is the value of -1 - (2 - -1 - 2) - (-72 + 84)?
-14
Evaluate (8 - (5 + -10 - -9)) + 1 - 0.
5
Calculate -22 - (-11 - 1 - -2).
-12
(-33 - 4) + 6 + (13 - 1) + -6
-25
What is -1 + (-10 - (4 + -6 + -1)) + 7?
-1
Evaluate 26 + (-12 + -9 + 26 - 14).
17
Calculate -5 - (-7 + 1 + 11).
-10
Evaluate 3 - 12 - ((-2 - -2) + 3 + -6).
-6
6 - (-10 + 8 + 7 + 3)
-2
What is the value of (1 - 1 - 1) + (425 - 424)?
0
What is the value of 17 + (-1 + -12 - (198 - 198))?
4
0 + 1 + -5 + (-13 - 0 - -16)
-1
(-10 - (-6 + -14)) + 14 - 15
9
Evaluate 917 - 968 - (-1 + -18).
-32
-13 - (-2 - 8 - (5 + -25)) - 7
-30
What is 1 + 0 + 10 - (13 + (-15 - -4))?
9
What is -13 - (5 - 14) - 4?
-8
What is the value of 8 + -36 + 14 + -2 + -8?
-24
Evaluate -24 + 19 + 6 + 1 + (-12 - -5).
-5
-883 + 891 + (-16 - 0)
-8
What is -8 - (0 + 12 + -24 + 33)?
-29
What is 9 - (-33 + 25 - -29)?
-12
Calculate 451 + -428 + (-2 - -1).
22
What is -6 - 1 - (6 - 0 - (-57 + 59))?
-11
What is the value of -12 + 1 - (-10 + 31 - 23) - -1?
-8
Evaluate -16 + 16 + -35 - -4.
-31
What is the value of (0 - (-8 - -4)) + 0?
4
738 + -742 + (0 - -16 - 2)
10
What is the value of (-9 - (-9 - 2)) + 7 + 3?
12
8 + (5 - (0 - -2)) + -4 + 0
7
Calculate (2 - -7 - 0) + (13 + -7 - 13).
2
What is -9 + 16 - (9 + -18)?
16
What is the value of 27 + -9 + (-27 - 30)?
-39
What is the value of -45 + (13 - -10) - -41?
19
Calculate -15 + 20 + (-65 + 71 - (-1 + 0)).
12
Evaluate -16 + (-2 - -20) + -7.
-5
What is the value of 5 + 0 + -24 + 1 + 10?
-8
Calculate -5 - -14 - (211 + -195).
-7
What is 10 - 1 - (54 + -31 + -5)?
-9
What is the value of 184 + -182 - (-1 - -5)?
-2
What is 9 + 6 + (-24 - -15)?
6
Evaluate 2392 - 2356 - (-1 - -39).
-2
Calculate -27 + 11 + 24 + -21.
-13
1 + 8 - (-227 + 219)
17
What is the value of (12 - 14) + 6 - (-3 - (-2 - 0))?
5
1 + -1 - ((16 - -4) + (-111 - -103))
-12
(-1 - -6) + -13 + -3 + -4 - 5
-20
What is 27 - (-6 - (-8 + -12))?
13
Calculate (-10 - -3) + (27 - (15 - -5)).
0
What is the value of -22 + (11 - -11) + -11?
-11
What is the value of (18 - (7 - 1)) + -7 - -3?
8
Calculate (44 - 58) + (16 - -20).
22
Calculate 1 + -1 + (-97 - -87) - (1 + 5).
-16
What is the value of (-7 - (14 + -29)) + -9?
-1
8 - (9 - 23 - (1 - (4 - -5)))
14
What is the value of -12 + (18 - 17) + -20 + 35?
4
What is 4 - 13 - -19 - (4 + 0) - 22?
-16
What is the value of -24 + (-32 - (-16 - 40))?
0
Calculate -8 + (6 - (1 + -1)) - 4 - -27.
21
-3 - (-1 + 6 + -4 + -10)
6
Evaluate -15 + 1 - (11 - (19 + -17)).
-23
What is the value of 19 - (55 + -4 + -16)?
-16
What is 10 + 6 - 10 - 0?
6
Evaluate (-10 + 43 - 19) + -10.
4
What is -11 + 1 - (22 + -26 + (-1 - -3))?
-8
What is the value of (283 - 278) + -1 + -3?
1
Evaluate -4 + 4 + (0 - -3 - (-28 + 27)).
4
What is the value of 1 + -1 + (-3 - -19) + -17 - -19?
18
What is -31 + (6 - -10) + 15 - -12?
12
(4 - 0 - (9 - -1)) + 7
1
What is the value of -1 + 0 + (-9 - (1 - (10 + -4)))?
-5
-3 + (7 - 1) + (16 + -29 - 0)
-10
-10 - 0 - (-54 + (-10 - -28))
26
-2 + (-38 - -44 - (-7 - -2))
9
Evaluate 39 - (59 - (-16 - -34)).
-2
What is -30 + (4 - (3 - 13))?
-16
What is 4 - (-1 + 6 + -12 + -1 + -2)?
14
Evaluate -3 + (-2 - (0 - 1)) - (-287 - -309).
-26
What is the value of -19 + 4 - -14 - -8?
7
Calculate -2